0151 composite?
False
Is 36997 composite?
False
Is 34367 a prime number?
True
Is 161453 a prime number?
True
Is 440261 prime?
True
Is 209 composite?
True
Is 5920019 a prime number?
False
Is 35943 a prime number?
False
Is 6047 prime?
True
Is 14591 prime?
True
Is 226571 a prime number?
True
Is 37103 prime?
False
Is 342181 a prime number?
False
Is 102269 a composite number?
True
Is 47891 prime?
False
Is 43201 a composite number?
False
Is 15185 a composite number?
True
Is 2435 a prime number?
False
Is 153007 prime?
False
Is 29779 a composite number?
True
Is 2479 a composite number?
True
Is 13591 a composite number?
False
Is 11159 a composite number?
False
Is 156569 prime?
False
Is 1470101 a prime number?
False
Is 17707 a composite number?
False
Is 1737317 composite?
False
Is 6598 composite?
True
Is 109661 a prime number?
True
Is 1062793 a composite number?
False
Is 13099 a prime number?
True
Is 1259 composite?
False
Is 9997 prime?
False
Is 2435243 a composite number?
False
Is 46861 composite?
False
Is 73779 prime?
False
Is 26339 a prime number?
True
Is 5987 prime?
True
Is 65245 a composite number?
True
Is 165307 composite?
True
Is 88169 composite?
False
Is 387397 prime?
True
Is 70373 a prime number?
True
Is 145043 a prime number?
True
Is 1214 a composite number?
True
Is 3780913 a prime number?
False
Is 74377 prime?
True
Is 779 a composite number?
True
Is 151633 composite?
True
Is 2071 prime?
False
Is 919901 a composite number?
False
Is 292819 a prime number?
True
Is 934 a composite number?
True
Is 84153 a composite number?
True
Is 672667 a prime number?
True
Is 5123 a composite number?
True
Is 1761 a composite number?
True
Is 9155 prime?
False
Is 116993 prime?
True
Is 347 a composite number?
False
Is 8391 prime?
False
Is 19291 composite?
True
Is 53527 composite?
False
Is 6599 a composite number?
False
Is 2893 a composite number?
True
Is 499 composite?
False
Is 4883 composite?
True
Is 19531 a prime number?
True
Is 2053 a composite number?
False
Is 170707 a prime number?
True
Is 55313 a composite number?
False
Is 1946127 a composite number?
True
Is 10247 prime?
True
Is 29741 a prime number?
True
Is 1655 a prime number?
False
Is 295703 a prime number?
True
Is 21367 composite?
True
Is 247859 composite?
True
Is 110069 composite?
False
Is 90583 a prime number?
True
Is 7237 composite?
False
Is 18281 prime?
False
Is 97391 composite?
True
Is 28213 composite?
True
Is 165511 prime?
True
Is 25001 composite?
True
Is 4201 prime?
True
Is 9179 composite?
True
Is 20467 composite?
True
Is 50305 a prime number?
False
Is 1598365 a composite number?
True
Is 32397 composite?
True
Is 301799 prime?
False
Is 1585241 composite?
True
Is 2411 prime?
True
Is 2053 a composite number?
False
Is 78955 prime?
False
Is 34211 prime?
True
Is 163841 a composite number?
False
Is 179983 a prime number?
False
Is 55951 prime?
False
Is 18295 a prime number?
False
Is 17209 a composite number?
False
Is 35023 composite?
False
Is 13235 a prime number?
False
Is 149 a composite number?
False
Is 969301 a prime number?
True
Is 7039 a composite number?
False
Is 122541 composite?
True
Is 155867 prime?
False
Is 160049 composite?
False
Is 150019 a composite number?
True
Is 104623 prime?
True
Is 20833 a composite number?
True
Is 668959 composite?
False
Is 11591 a composite number?
True
Is 21473 composite?
True
Is 17093 prime?
True
Is 6823 a prime number?
True
Is 1251157 a prime number?
True
Is 36857 prime?
True
Is 168613 prime?
False
Is 1091 composite?
False
Is 233654 a composite number?
True
Is 1657 prime?
True
Is 61205 a prime number?
False
Is 233449 prime?
False
Is 4441 a prime number?
True
Is 99646 a composite number?
True
Is 33179 composite?
False
Is 5207 a composite number?
True
Is 5273 a composite number?
False
Is 28019 prime?
True
Is 2618689 prime?
False
Is 80111 composite?
False
Is 32267 prime?
False
Is 1178347 a prime number?
True
Is 16759 composite?
False
Is 2237 a composite number?
False
Is 7079 a composite number?
False
Is 280985 a composite number?
True
Is 386051 a composite number?
False
Is 3239 composite?
True
Is 314038 composite?
True
Is 33513 a composite number?
True
Is 9067 composite?
False
Is 937571 a composite number?
False
Is 23683 a composite number?
True
Is 194017 composite?
False
Is 200971 prime?
True
Is 24083 a prime number?
True
Is 560737 a prime number?
True
Is 1338101 a prime number?
True
Is 163759 composite?
True
Is 11549 composite?
False
Is 16735 prime?
False
Is 491461 prime?
True
Is 53231 a prime number?
True
Is 104911 a prime number?
True
Is 73267 a composite number?
True
Is 3117 a prime number?
False
Is 4391 prime?
True
Is 3683 a prime number?
False
Is 578489 a prime number?
True
Is 25495 prime?
False
Is 405601 a prime number?
False
Is 771163 composite?
False
Is 150266 composite?
True
Is 89291 composite?
True
Is 27983 prime?
True
Is 62891 composite?
True
Is 249697 prime?
False
Is 80111 prime?
True
Is 24627 composite?
True
Is 12185 a prime number?
False
Is 260041 prime?
False
Is 13829 a composite number?
False
Is 77906 composite?
True
Is 4729 composite?
False
Is 5344129 a composite number?
True
Is 34459 prime?
False
Is 34807 prime?
True
Is 185 composite?
True
Is 913 prime?
False
Is 2927 composite?
False
Is 4619 a prime number?
False
Is 2819 a prime number?
True
Is 53 a composite number?
False
Is 766 a composite number?
True
Is 48745 composite?
True
Is 73351 prime?
True
Is 68969 composite?
True
Is 130457 prime?
True
Is 2759849 composite?
False
Is 1117 a prime number?
True
Is 1543 prime?
True
Is 152981 prime?
True
Is 288833 a composite number?
False
Is 418423 composite?
False
Is 12941 composite?
False
Is 25777 composite?
True
Is 3011 composite?
False
Is 16519 composite?
False
Is 111013 a composite number?
True
Is 2217 composite?
True
Is 72587 composite?
True
Is 344479 a prime number?
True
Is 32177 a prime number?
False
Is 95683 composite?
True
Is 803 a composite number?
True
Is 292163 a prime number?
False
Is 6353 a composite number?
False
Is 125527 composite?
False
Is 78851 composite?
True
Is 45093 prime?
False
Is 5813 a composite number?
False
Is 352007 a prime number?
True
Is 290681 a prime number?
False
Is 100951 composite?
True
Is 3117043 a composite number?
False
Is 100411 a prime number?
True
Is 96931 a prime number?
True
Is 85385 a prime number?
False
Is 5140357 a composite number?
False
Is 8513 a prime number?
True
Is 4411 a composite number?
True
Is 790897 composite?
False
Is 208837 a prime number?
True
Is 324811 prime?
True
Is 110237 a prime number?
True
Is 44771 a prime number?
True
Is 54133 composite?
False
Is 23105 a prime number?
False
Is 1494019 a prime number?
True
Is 196433 a composite number?
True
Is 1481999 a composite number?
False
Is 62639 a composite number?
False
Is 12839 prime?
False
Is 1077513 a composite number?
True
Is 91283 a prime number?
True
Is 1671 prime?
False
Is 910691 a composite number?
False
Is 177943 a prime number?
True
Is 82651 a composite number?
False
Is 7753 composite?
False
Is 151691 prime?
False
Is 241957 composite?
True
Is 69313 composite?
False
Is 28141 a prime number?
False
Is 2101 prime?
False
Is 119549 a prime number?
True
Is 278183 a composite number?
True
Is 123601 prime?
True
Is 44437 a prime number?
False
Is 20171 a prime number?
False
Is 2405107 composite?
False
Is 389723 composite?
False
Is 2051 composite?
True
Is 446569 a prime number?
True
Is 445871 composite?
False
Is 252557 prime?
False
Is 35849 prime?
False
Is 678001 a composite number?
True
Is 32477 composite?
True
Is 143123 composite?
True
Is 124466 a composite number?
True
Is 326839 prime?
False
Is 6502 prime?
False
Is 2887 a composite number?
False
Is 13379 prime?
False
Is 24889 composite?
False
Is 611518 a composite number?
True
Is 17369 composite?
True
Is 584951 composite?
False
Is 7561 composite?
False
Is 4751 prime?
True
Is 15991 prime?
True
Is 178378 a prime number?
False
Is 63183 prime?
False
Is 5333 a composite number?
False
Is 177091 a composite number?
False
Is 69878 prime?
False
Is 1213439 composite?
False
Is 35517 prime?
False
Is 1278583 a prime number?
True
Is 2252867 composite?
False
Is 6247 a prime number?
True
Is 502427 composite?
True
Is 17002 composite?
True
Is 14137 prime?
False
Is 10427 composite?
False
Is 8201 a composite number?
Tr